the highest common divisor of 171 and s.
57
Let j(m) = m**2 + m - 7. Let s = 36 + -40. Let z be j(s). Suppose -4*c = -5*q + q + 44, z*q = 3*c + 53. Calculate the highest common divisor of q and 50.
10
Let h(v) = -34*v + 2532. Let k be h(74). What is the highest common divisor of k and 296?
8
Suppose 7*n + 469 + 35 = 0. Let h = 36 - n. Suppose -9*z + 0 + h = 0. Calculate the highest common divisor of z and 6.
6
Let q be 8 + (-88)/(-16)*-2 + 1614. Calculate the highest common divisor of 9 and q.
9
Suppose 3*s + 0 = -5*u + 109, u - 5 = 5*s. What is the greatest common divisor of 5480 and u?
20
Let s = -96 - -235. Let y = 29 + s. What is the highest common divisor of y and 21?
21
Suppose b - 2 = -5*w, -4 = -2*b - 0*b + 4*w. Let y = -113587 - -113889. What is the highest common divisor of y and b?
2
Suppose -173*b - 25*b + 78688 + 908 = 0. What is the greatest common factor of 24 and b?
6
Let d(m) = -12*m**2 + 40*m - 65. Let q(o) = 7*o**2 - 19*o + 32. Let c(b) = 3*d(b) + 5*q(b). Let j be c(20). Calculate the greatest common divisor of j and 715.
65
Let l be 15/(-45) - 296/(-24). What is the highest common divisor of 8364 and l?
12
Suppose 2664 = -2*f + 10*f. Let g be 11 + f/(-30) + 1042/20. What is the highest common factor of 39 and g?
13
Suppose 87497 = 19*o + 310*o - 50683. What is the highest common factor of 3220 and o?
140
Let d(t) = 16*t + 880. Let w be d(-47). Let p(h) = h**2 + 3*h - 12. Let n be p(9). What is the highest common divisor of w and n?
32
Let p be ((-7400)/160)/(2/(-8)). Suppose 3*w = 4*m - p, -116*w = m - 115*w - 48. What is the greatest common factor of 799 and m?
47
Suppose u - 8 + 20 = -5*y, -u - y = 12. Let f be ((-83)/(-4) + 6/u)*12. What is the greatest common factor of f and 54?
27
Suppose 0 = 6*u - 9*u - 180. Let w = u - -81. Suppose -o + 3*x + 81 = 0, -o + 4*x = -62 - 18. What is the greatest common factor of w and o?
21
Suppose -4*f = -8, -278 = -4*g + 4*f + f. Suppose 266*d - 4266 = -208*d. What is the highest common factor of d and g?
9
Suppose -63*c - 77*c = 83*c - 1784. What is the highest common divisor of 2792 and c?
8
Let s = -9176 - -35960. Calculate the greatest common factor of s and 324.
108
Suppose -5*k = -3*w + 17153, 5*k + 6975 + 15894 = 4*w. What is the greatest common factor of 4 and w?
4
Suppose 4*x + 5*t + 19 = 0, -t = 2*x - 6*t - 13. Let p be ((-297)/(-18))/(x/(-2*1)). Calculate the greatest common factor of p and 77.
11
Let j(o) = -o**3 + o**2 + 11*o + 5. Let m be j(-3). Let k be m/2 - (-85 + -1). What is the greatest common divisor of k and 18?
18
Let x(t) = -110*t**3 + 7*t**2 - 8*t + 2. Let r be x(2). Let k = -850 - r. Calculate the greatest common factor of 768 and k.
16
Let n(p) = p**3 - 38*p**2 + 31*p + 68. Let o be n(37). Let i be 66/o - 80/(-7). What is the highest common divisor of 77 and i?
11
Let a = 1563 - 1470. What is the greatest common factor of 15 and a?
3
Let r(z) = -4*z**2 + 15*z + 38. Let y(q) = -q**2 + 2*q. Let a(i) = r(i) - 3*y(i). Let c be a(11). Calculate the highest common divisor of 16 and c.
16
Suppose -5*r = -2*t + 25, -5*r + r - 2*t - 20 = 0. Let x be 6 - ((-24)/(-8) + r). What is the highest common factor of x and 136?
8
Let o(l) = -40*l - 95. Suppose -51*k = -124 + 736. Let y be o(k). Let r(z) = -z**2 + 35. Let u be r(0). What is the greatest common factor of u and y?
35
Suppose 4*f = 8, -226 = -2*r + 7*f + 80. What is the highest common factor of r and 1800?
40
Let h(w) = 78*w - 10792. Let u be h(139). Calculate the highest common factor of 19225 and u.
25
Suppose 0 = 4*p - 25 + 45, 3*p + 91 = -2*q. Let o be (-43)/(-2) + q/76. What is the highest common divisor of o and 42?
21
Let h be 8/(48/918) + (-4 - -1). Calculate the greatest common divisor of 490 and h.
10
Suppose -20*g + 5382 - 662 = 0. What is the greatest common factor of 20 and g?
4
Suppose -9*d - 653 = 841. Let k = d - -223. What is the greatest common factor of k and 399?
57
Let z be (74/(-4))/(5/(-2600 - 0)). What is the greatest common divisor of z and 80?
20
Let l = -3599 - -3641. Suppose -2 = -4*q + 2, 5*m - 2586 = 4*q. What is the greatest common factor of l and m?
14
Let w(u) = u**3 - 6*u - 5. Let x be w(5). Let y = x - 22. Let i(s) = 3*s + 15. Let d be i(12). Calculate the highest common divisor of d and y.
17
Let n be 110/2 - (49 - 51). Calculate the highest common factor of 2109 and n.
57
Suppose 2*q + 3*q - 795 = 0. Suppose 12*x - 15*x = -q. Suppose -x*w + 55*w = 594. What is the highest common factor of 27 and w?
27
Let v be 4 - (-12512 - (3 - -15)). What is the greatest common factor of 6 and v?
6
Let i(w) = w**2 + 51*w - 531. Let t be i(-63). Let p(a) = a**2 + 7*a - 20. Let g be p(-17). What is the greatest common factor of g and t?
75
Let s(h) = 3*h**3 - 2*h**2 - 6*h + 7. Let c be s(-5). Let t = -158 - c. Calculate the highest common divisor of 10 and t.
10
Suppose -g = -7 + 1. Suppose 7*o - 35 = -14. Let v be (26/(-8) + 5)/(o/144). What is the greatest common factor of g and v?
6
Suppose 2338*j - 2187*j = 756510. Calculate the greatest common divisor of 60 and j.
30
Let u be (-174)/348*(-230 + 3 + 3). Suppose 0 = -v - 41 + 121. Calculate the highest common divisor of u and v.
16
Let h be 30*9/(81/6). Suppose 5*p = 10, -5*a - 3*p = -307 - 1699. Calculate the greatest common divisor of h and a.
20
Let m be (5/(15/(-138)))/(-9 + 7). Suppose 27*i - 16 = m*i. What is the highest common divisor of i and 6?
2
Let v(u) = 19*u - 13. Let y be v(7). Suppose 0 = -2*c + 5*c + y. Let l be (-45)/3*c/24. Calculate the highest common divisor of l and 5.
5
Let r = -141 + 151. Suppose 5*u = -g + 20, -3*u + 2*g - 7*g = r. Suppose 9*i - 112 = -u*i. Calculate the highest common divisor of 56 and i.
8
Suppose 4*k = 3*y + 24, 3*k - y - y - 17 = 0. Suppose k*u + 0*u + g - 58 = 0, 0 = 2*g - 2. What is the greatest common divisor of 95 and u?
19
Let a be (39259/(-166))/(3/(-12)). Calculate the greatest common divisor of 88 and a.
22
Let g = 8557 + -7669. What is the highest common divisor of 208 and g?
8
Suppose -4*o = -5*k + 900, k + 2*o + 2*o - 156 = 0. Let t = 681 - 659. What is the highest common divisor of t and k?
22
Suppose 16*v + 18727 = 51*v - 29783. What is the greatest common divisor of v and 3388?
154
Let v(h) = -11*h - 6*h - 10 + 14*h + h**2. Let z be v(5). Suppose -4*d - d + 10 = z, 5*d + 310 = 4*t. Calculate the highest common divisor of 20 and t.
20
Let x be (-1 + 3 + -1)*170. Calculate the highest common divisor of x and 2992.
34
Let q(w) = -13*w**2 - 24*w - 133. Let c be q(-7). Let z = 620 + c. What is the greatest common divisor of 1602 and z?
18
Suppose -28*d + 23*d - 895 = 0. Let u = -176 - d. What is the greatest common divisor of u and 15?
3
Suppose -1223 + 215 = -6*m. Calculate the highest common factor of m and 1470.
42
Suppose 2*w - 2383 = -2*w + 3*v, 0 = 2*w + 5*v - 1211. Suppose 148*x - 23828 = -111*x. What is the highest common factor of x and w?
46
Let q = 6100 - 6034. What is the greatest common factor of q and 174?
6
Suppose -473 - 1177 = -75*t. Suppose -3*q - 2*q = -440. Suppose 3*r = -r + q. What is the highest common factor of t and r?
22
Let r = 16 + 12. Let b(x) = 4*x**2 + 6*x - 6. Let s be (-2)/11 - 9/((-990)/130). Let d be b(s). Calculate the greatest common divisor of d and r.
4
Suppose 19 - 31 = -3*f. Suppose -4*q + 26 = -2*q - f*y, -5*q + 20 = 5*y. What is the highest common divisor of q and 105?
7
Let x(m) = 3*m**3 + 3*m**2 + 3*m + 3. Let p be x(3). Suppose 6*f + 580 = -548. Let i = f + 236. What is the greatest common divisor of i and p?
24
Suppose 13545 = 451*t - 442*t. Calculate the greatest common divisor of t and 5.
5
Let g be 8/(-20) - (77112/(-35))/8. Let o = -140 + g. What is the highest common factor of o and 105?
15
Let x(t) be the third derivative of 4/3*t**3 + 0*t + 3/8*t**4 + 1/60*t**5 + 0 + 7*t**2. Let q be x(-16). Calculate the greatest common divisor of 24 and q.
24
Let d = -474 + 853. Let b be (-2584)/(-10) - (-15)/25. Let c = d - b. Calculate the highest common factor of 15 and c.
15
Let h be 36/2*(-15)/(-10). Let f(x) = -2*x**3 - 15*x**2 - 19*x + 11. Let l be f(-6). Suppose -l*t = -15*t - 18. What is the highest common factor of t and h?
9
Let d = 8869 - 8727. What is the greatest common factor of 9017 and d?
71
Let y(c) = 2*c**2 + 4*c. Let t(d) = -d